{"id":62,"date":"2022-07-15T14:33:36","date_gmt":"2022-07-15T12:33:36","guid":{"rendered":"https:\/\/aula-testing.ch\/?page_id=62"},"modified":"2026-01-22T13:08:17","modified_gmt":"2026-01-22T12:08:17","slug":"gaestetag","status":"publish","type":"page","link":"https:\/\/aula-jugendlager.ch\/main\/fr\/gaestetag\/","title":{"rendered":"journ\u00e9e des invit\u00e9s"},"content":{"rendered":"<p class=\"has-text-align-left\"><strong>Invitation \u00e0 la journ\u00e9e des invit\u00e9s<\/strong><\/p>\n\n\n\n<p>La journ\u00e9e des invit\u00e9s aura lieu le mardi 21.07.2026 \u00e0 S-chanf.<br>Les personnes int\u00e9ress\u00e9es sont pri\u00e9es de s'annoncer \u00e0\u00a0<a>info@aula-jugendlager.ch<\/a><\/p>\n\n\n\n<p><strong>Programme<\/strong><br>Heure : 1300 - env. 1600 heures<br>\u00e0 partir de 1100 heures D\u00e9jeuner<br>Lieu : Rendez-vous pour le d\u00e9jeuner \u00e0\u00a0<strong>1100 heures<\/strong>\u00a0pr\u00e8s du b\u00e2timent du commandement de la troupe (TK)<br>Rendez-vous g\u00e9n\u00e9ral \u00e0\u00a0<strong>1300 heures<\/strong>\u00a0pr\u00e8s du b\u00e2timent du commandement de la troupe (TK)<br>Responsable : Hptadj Marco Frauenknecht, pr\u00e9sident central SSTS\u00ae ;<br>Of sp\u00e9cialiste (lt col) Jakob B\u00e4hler, Chef AULA<\/p>\n\n\n\n<p>Adresse :<br>Logement de la troupe, San G\u00fcerg, 7525 S-chanf<\/p>\n\n\n\n<iframe src=\"https:\/\/www.google.com\/maps\/embed?pb=!1m18!1m12!1m3!1d2740.4668531636894!2d10.0002123!3d46.61753829999999!2m3!1f0!2f0!3f0!3m2!1i1024!2i768!4f13.1!3m3!1m2!1s0x4783655f19d96305%3A0x910d743147c83e54!2sKaserne%20S-chanf!5e0!3m2!1sde!2sch!4v1741945597721!5m2!1sde!2sch\" width=\"600\" height=\"450\" style=\"border:0;\" allowfullscreen=\"\" loading=\"lazy\" referrerpolicy=\"no-referrer-when-downgrade\"><\/iframe>\n\n\n\n<figure class=\"wp-block-gallery has-nested-images columns-4 is-cropped wp-block-gallery-1 is-layout-flex wp-block-gallery-is-layout-flex\">\n<figure class=\"wp-block-image size-large\"><img loading=\"lazy\" decoding=\"async\" width=\"1024\" height=\"684\" data-id=\"471\" src=\"https:\/\/aula-jugendlager.ch\/main\/wp-content\/uploads\/sites\/8\/2023\/01\/SG7_1075Mittel-1024x684.jpg\" alt=\"\" class=\"wp-image-471\" srcset=\"https:\/\/aula-jugendlager.ch\/main\/wp-content\/uploads\/sites\/8\/2023\/01\/SG7_1075Mittel-1024x684.jpg 1024w, https:\/\/aula-jugendlager.ch\/main\/wp-content\/uploads\/sites\/8\/2023\/01\/SG7_1075Mittel-600x401.jpg 600w, https:\/\/aula-jugendlager.ch\/main\/wp-content\/uploads\/sites\/8\/2023\/01\/SG7_1075Mittel-300x200.jpg 300w, https:\/\/aula-jugendlager.ch\/main\/wp-content\/uploads\/sites\/8\/2023\/01\/SG7_1075Mittel-768x513.jpg 768w, https:\/\/aula-jugendlager.ch\/main\/wp-content\/uploads\/sites\/8\/2023\/01\/SG7_1075Mittel-306x205.jpg 306w, https:\/\/aula-jugendlager.ch\/main\/wp-content\/uploads\/sites\/8\/2023\/01\/SG7_1075Mittel.jpg 1150w\" sizes=\"auto, (max-width: 1024px) 100vw, 1024px\" \/><\/figure>\n\n\n\n<figure class=\"wp-block-image size-large\"><img loading=\"lazy\" decoding=\"async\" width=\"1024\" height=\"684\" data-id=\"472\" src=\"https:\/\/aula-jugendlager.ch\/main\/wp-content\/uploads\/sites\/8\/2023\/01\/SG7_1396Mittel-1024x684.jpg\" alt=\"\" class=\"wp-image-472\" srcset=\"https:\/\/aula-jugendlager.ch\/main\/wp-content\/uploads\/sites\/8\/2023\/01\/SG7_1396Mittel-1024x684.jpg 1024w, https:\/\/aula-jugendlager.ch\/main\/wp-content\/uploads\/sites\/8\/2023\/01\/SG7_1396Mittel-600x401.jpg 600w, https:\/\/aula-jugendlager.ch\/main\/wp-content\/uploads\/sites\/8\/2023\/01\/SG7_1396Mittel-300x200.jpg 300w, https:\/\/aula-jugendlager.ch\/main\/wp-content\/uploads\/sites\/8\/2023\/01\/SG7_1396Mittel-768x513.jpg 768w, https:\/\/aula-jugendlager.ch\/main\/wp-content\/uploads\/sites\/8\/2023\/01\/SG7_1396Mittel-306x205.jpg 306w, https:\/\/aula-jugendlager.ch\/main\/wp-content\/uploads\/sites\/8\/2023\/01\/SG7_1396Mittel.jpg 1150w\" sizes=\"auto, (max-width: 1024px) 100vw, 1024px\" \/><\/figure>\n<\/figure>\n\n\n\n<figure class=\"wp-block-gallery has-nested-images columns-default is-cropped wp-block-gallery-2 is-layout-flex wp-block-gallery-is-layout-flex\">\n<figure class=\"wp-block-image size-large\"><img loading=\"lazy\" decoding=\"async\" width=\"1024\" height=\"684\" data-id=\"473\" src=\"https:\/\/aula-jugendlager.ch\/main\/wp-content\/uploads\/sites\/8\/2023\/01\/SG7_1416Mittel-1024x684.jpg\" alt=\"\" class=\"wp-image-473\" srcset=\"https:\/\/aula-jugendlager.ch\/main\/wp-content\/uploads\/sites\/8\/2023\/01\/SG7_1416Mittel-1024x684.jpg 1024w, https:\/\/aula-jugendlager.ch\/main\/wp-content\/uploads\/sites\/8\/2023\/01\/SG7_1416Mittel-600x401.jpg 600w, https:\/\/aula-jugendlager.ch\/main\/wp-content\/uploads\/sites\/8\/2023\/01\/SG7_1416Mittel-300x200.jpg 300w, https:\/\/aula-jugendlager.ch\/main\/wp-content\/uploads\/sites\/8\/2023\/01\/SG7_1416Mittel-768x513.jpg 768w, https:\/\/aula-jugendlager.ch\/main\/wp-content\/uploads\/sites\/8\/2023\/01\/SG7_1416Mittel-306x205.jpg 306w, https:\/\/aula-jugendlager.ch\/main\/wp-content\/uploads\/sites\/8\/2023\/01\/SG7_1416Mittel.jpg 1150w\" sizes=\"auto, (max-width: 1024px) 100vw, 1024px\" \/><\/figure>\n\n\n\n<figure class=\"wp-block-image size-large\"><img loading=\"lazy\" decoding=\"async\" width=\"1024\" height=\"684\" data-id=\"474\" src=\"https:\/\/aula-jugendlager.ch\/main\/wp-content\/uploads\/sites\/8\/2023\/01\/SG7_1438Mittel-1024x684.jpg\" alt=\"\" class=\"wp-image-474\" srcset=\"https:\/\/aula-jugendlager.ch\/main\/wp-content\/uploads\/sites\/8\/2023\/01\/SG7_1438Mittel-1024x684.jpg 1024w, https:\/\/aula-jugendlager.ch\/main\/wp-content\/uploads\/sites\/8\/2023\/01\/SG7_1438Mittel-600x401.jpg 600w, https:\/\/aula-jugendlager.ch\/main\/wp-content\/uploads\/sites\/8\/2023\/01\/SG7_1438Mittel-300x200.jpg 300w, https:\/\/aula-jugendlager.ch\/main\/wp-content\/uploads\/sites\/8\/2023\/01\/SG7_1438Mittel-768x513.jpg 768w, https:\/\/aula-jugendlager.ch\/main\/wp-content\/uploads\/sites\/8\/2023\/01\/SG7_1438Mittel-306x205.jpg 306w, https:\/\/aula-jugendlager.ch\/main\/wp-content\/uploads\/sites\/8\/2023\/01\/SG7_1438Mittel.jpg 1150w\" sizes=\"auto, (max-width: 1024px) 100vw, 1024px\" \/><\/figure>\n<\/figure>","protected":false},"excerpt":{"rendered":"<p>Einladung zum G\u00e4stetag Der G\u00e4stetag findet am Dienstag, 21.07.2026 in S-chanf statt.Interessierte melden sich bitte unter\u00a0info@aula-jugendlager.ch ProgrammZeit: 1300 \u2013 ca. 1600 Uhrab 1100 Uhr MittagessenOrt: Treffpunkt f\u00fcr das Mittagessen um\u00a01100 Uhr\u00a0beim Truppenkommando-Geb\u00e4ude (TK)Allgemeiner Treffpunkt um\u00a01300 Uhr\u00a0beim Truppenkommando-Geb\u00e4ude (TK)Verantwortlich: Hptadj Marco Frauenknecht, Zentralpr\u00e4sident SMSV\u00ae;Fachof (Oberstlt) Jakob B\u00e4hler, Chef AULA Adresse:Truppenunterkunft, San G\u00fcerg, 7525 S-chanf<\/p>","protected":false},"author":1,"featured_media":0,"parent":0,"menu_order":0,"comment_status":"closed","ping_status":"closed","template":"","meta":{"footnotes":""},"class_list":["post-62","page","type-page","status-publish","hentry"],"_links":{"self":[{"href":"https:\/\/aula-jugendlager.ch\/main\/fr\/wp-json\/wp\/v2\/pages\/62","targetHints":{"allow":["GET"]}}],"collection":[{"href":"https:\/\/aula-jugendlager.ch\/main\/fr\/wp-json\/wp\/v2\/pages"}],"about":[{"href":"https:\/\/aula-jugendlager.ch\/main\/fr\/wp-json\/wp\/v2\/types\/page"}],"author":[{"embeddable":true,"href":"https:\/\/aula-jugendlager.ch\/main\/fr\/wp-json\/wp\/v2\/users\/1"}],"replies":[{"embeddable":true,"href":"https:\/\/aula-jugendlager.ch\/main\/fr\/wp-json\/wp\/v2\/comments?post=62"}],"version-history":[{"count":27,"href":"https:\/\/aula-jugendlager.ch\/main\/fr\/wp-json\/wp\/v2\/pages\/62\/revisions"}],"predecessor-version":[{"id":6073,"href":"https:\/\/aula-jugendlager.ch\/main\/fr\/wp-json\/wp\/v2\/pages\/62\/revisions\/6073"}],"wp:attachment":[{"href":"https:\/\/aula-jugendlager.ch\/main\/fr\/wp-json\/wp\/v2\/media?parent=62"}],"curies":[{"name":"wp","href":"https:\/\/api.w.org\/{rel}","templated":true}]}}

journée des invités

<p class="has-text-align-left"><strong>Invitation à la journée des invités</strong></p>



<p>La journée des invités aura lieu le mardi 21.07.2026 à S-chanf.<br>Les personnes intéressées sont priées de s'annoncer à <a>info@aula-jugendlager.ch</a></p>



<p><strong>Programme</strong><br>Heure : 1300 - env. 1600 heures<br>à partir de 1100 heures Déjeuner<br>Lieu : Rendez-vous pour le déjeuner à <strong>1100 heures</strong> près du bâtiment du commandement de la troupe (TK)<br>Rendez-vous général à <strong>1300 heures</strong> près du bâtiment du commandement de la troupe (TK)<br>Responsable : Hptadj Marco Frauenknecht, président central SSTS® ;<br>Of spécialiste (lt col) Jakob Bähler, Chef AULA</p>



<p>Adresse :<br>Logement de la troupe, San Güerg, 7525 S-chanf</p>



<iframe src="https://www.google.com/maps/embed?pb=!1m18!1m12!1m3!1d2740.4668531636894!2d10.0002123!3d46.61753829999999!2m3!1f0!2f0!3f0!3m2!1i1024!2i768!4f13.1!3m3!1m2!1s0x4783655f19d96305%3A0x910d743147c83e54!2sKaserne%20S-chanf!5e0!3m2!1sde!2sch!4v1741945597721!5m2!1sde!2sch" width="600" height="450" style="border:0;" allowfullscreen="" loading="lazy" referrerpolicy="no-referrer-when-downgrade"></iframe>



<figure class="wp-block-gallery has-nested-images columns-4 is-cropped wp-block-gallery-1 is-layout-flex wp-block-gallery-is-layout-flex">
<figure class="wp-block-image size-large"><img loading="lazy" decoding="async" width="1024" height="684" data-id="471" src="https://aula-jugendlager.ch/main/wp-content/uploads/sites/8/2023/01/SG7_1075Mittel-1024x684.jpg" alt="" class="wp-image-471" srcset="https://aula-jugendlager.ch/main/wp-content/uploads/sites/8/2023/01/SG7_1075Mittel-1024x684.jpg 1024w, https://aula-jugendlager.ch/main/wp-content/uploads/sites/8/2023/01/SG7_1075Mittel-600x401.jpg 600w, https://aula-jugendlager.ch/main/wp-content/uploads/sites/8/2023/01/SG7_1075Mittel-300x200.jpg 300w, https://aula-jugendlager.ch/main/wp-content/uploads/sites/8/2023/01/SG7_1075Mittel-768x513.jpg 768w, https://aula-jugendlager.ch/main/wp-content/uploads/sites/8/2023/01/SG7_1075Mittel-306x205.jpg 306w, https://aula-jugendlager.ch/main/wp-content/uploads/sites/8/2023/01/SG7_1075Mittel.jpg 1150w" sizes="auto, (max-width: 1024px) 100vw, 1024px" /></figure>



<figure class="wp-block-image size-large"><img loading="lazy" decoding="async" width="1024" height="684" data-id="472" src="https://aula-jugendlager.ch/main/wp-content/uploads/sites/8/2023/01/SG7_1396Mittel-1024x684.jpg" alt="" class="wp-image-472" srcset="https://aula-jugendlager.ch/main/wp-content/uploads/sites/8/2023/01/SG7_1396Mittel-1024x684.jpg 1024w, https://aula-jugendlager.ch/main/wp-content/uploads/sites/8/2023/01/SG7_1396Mittel-600x401.jpg 600w, https://aula-jugendlager.ch/main/wp-content/uploads/sites/8/2023/01/SG7_1396Mittel-300x200.jpg 300w, https://aula-jugendlager.ch/main/wp-content/uploads/sites/8/2023/01/SG7_1396Mittel-768x513.jpg 768w, https://aula-jugendlager.ch/main/wp-content/uploads/sites/8/2023/01/SG7_1396Mittel-306x205.jpg 306w, https://aula-jugendlager.ch/main/wp-content/uploads/sites/8/2023/01/SG7_1396Mittel.jpg 1150w" sizes="auto, (max-width: 1024px) 100vw, 1024px" /></figure>
</figure>



<figure class="wp-block-gallery has-nested-images columns-default is-cropped wp-block-gallery-2 is-layout-flex wp-block-gallery-is-layout-flex">
<figure class="wp-block-image size-large"><img loading="lazy" decoding="async" width="1024" height="684" data-id="473" src="https://aula-jugendlager.ch/main/wp-content/uploads/sites/8/2023/01/SG7_1416Mittel-1024x684.jpg" alt="" class="wp-image-473" srcset="https://aula-jugendlager.ch/main/wp-content/uploads/sites/8/2023/01/SG7_1416Mittel-1024x684.jpg 1024w, https://aula-jugendlager.ch/main/wp-content/uploads/sites/8/2023/01/SG7_1416Mittel-600x401.jpg 600w, https://aula-jugendlager.ch/main/wp-content/uploads/sites/8/2023/01/SG7_1416Mittel-300x200.jpg 300w, https://aula-jugendlager.ch/main/wp-content/uploads/sites/8/2023/01/SG7_1416Mittel-768x513.jpg 768w, https://aula-jugendlager.ch/main/wp-content/uploads/sites/8/2023/01/SG7_1416Mittel-306x205.jpg 306w, https://aula-jugendlager.ch/main/wp-content/uploads/sites/8/2023/01/SG7_1416Mittel.jpg 1150w" sizes="auto, (max-width: 1024px) 100vw, 1024px" /></figure>



<figure class="wp-block-image size-large"><img loading="lazy" decoding="async" width="1024" height="684" data-id="474" src="https://aula-jugendlager.ch/main/wp-content/uploads/sites/8/2023/01/SG7_1438Mittel-1024x684.jpg" alt="" class="wp-image-474" srcset="https://aula-jugendlager.ch/main/wp-content/uploads/sites/8/2023/01/SG7_1438Mittel-1024x684.jpg 1024w, https://aula-jugendlager.ch/main/wp-content/uploads/sites/8/2023/01/SG7_1438Mittel-600x401.jpg 600w, https://aula-jugendlager.ch/main/wp-content/uploads/sites/8/2023/01/SG7_1438Mittel-300x200.jpg 300w, https://aula-jugendlager.ch/main/wp-content/uploads/sites/8/2023/01/SG7_1438Mittel-768x513.jpg 768w, https://aula-jugendlager.ch/main/wp-content/uploads/sites/8/2023/01/SG7_1438Mittel-306x205.jpg 306w, https://aula-jugendlager.ch/main/wp-content/uploads/sites/8/2023/01/SG7_1438Mittel.jpg 1150w" sizes="auto, (max-width: 1024px) 100vw, 1024px" /></figure>
</figure>

<p>Einladung zum Gästetag Der Gästetag findet am Dienstag, 21.07.2026 in S-chanf statt.Interessierte melden sich bitte unter info@aula-jugendlager.ch ProgrammZeit: 1300 – ca. 1600 Uhrab 1100 Uhr MittagessenOrt: Treffpunkt für das Mittagessen um 1100 Uhr beim Truppenkommando-Gebäude (TK)Allgemeiner Treffpunkt um 1300 Uhr beim Truppenkommando-Gebäude (TK)Verantwortlich: Hptadj Marco Frauenknecht, Zentralpräsident SMSV®;Fachof (Oberstlt) Jakob Bähler, Chef AULA Adresse:Truppenunterkunft, San Güerg, 7525 S-chanf</p>
