{"id":23,"date":"2022-07-15T12:44:46","date_gmt":"2022-07-15T10:44:46","guid":{"rendered":"https:\/\/aula-testing.ch\/?page_id=23"},"modified":"2026-01-29T18:15:52","modified_gmt":"2026-01-29T17:15:52","slug":"das-lager","status":"publish","type":"page","link":"https:\/\/aula-jugendlager.ch\/main\/en\/das-lager\/","title":{"rendered":"The camp"},"content":{"rendered":"<p>The <strong>AULA<\/strong> is a unique <strong>Training camp for young people<\/strong>, in which the fundamentals of <strong>First aid<\/strong> be taught. Depending on prior knowledge, these include <strong>Five different performance levels<\/strong> to choose from.<\/p>\n\n\n\n<blockquote class=\"wp-block-quote is-layout-flow wp-block-quote-is-layout-flow\">\n<p>Every year, around <strong>330 young people aged between 13 and 22<\/strong> from all over Switzerland.<br>They are supported by around <strong>100 volunteers<\/strong>, many of whom work in healthcare or emergency services.<\/p>\n<\/blockquote>\n\n\n\n<hr class=\"wp-block-separator has-alpha-channel-opacity\"\/>\n\n\n\n<h3 class=\"wp-block-heading\">What makes AULA so special?<\/h3>\n\n\n\n<p>We don't know for sure ourselves \u2013 maybe it's...<\/p>\n\n\n\n<ul class=\"wp-block-list\">\n<li>... that we <strong>expect a lot from young people<\/strong>, but <strong>give just as much of yourself<\/strong>?<\/li>\n\n\n\n<li>... that we <strong>clear rules and structures<\/strong> have, but nevertheless <strong>focus on young people<\/strong>?<\/li>\n\n\n\n<li>... that many volunteers in <strong>military uniform<\/strong> appear, but <strong>Always open for conversation, fun, and fellowship<\/strong> are?<\/li>\n\n\n\n<li>... that we <strong>7 Principles of the Swiss Red Cross<\/strong> live actively and foster a climate of <strong>mutual appreciation<\/strong> maintain?<\/li>\n<\/ul>\n\n\n\n<p><strong>Get to know AULA\u2014and discover what makes it special for you.<\/strong><\/p>\n\n\n\n<hr class=\"wp-block-separator has-alpha-channel-opacity\"\/>\n\n\n\n<h3 class=\"wp-block-heading\">Camp information<\/h3>\n\n\n\n<h4 class=\"wp-block-heading\">duration<\/h4>\n\n\n\n<p><strong>Team Dunant, M\u00f6ckli and Guisan 1-2:<\/strong> Saturday, July 18 to Saturday, July 25, 2026<strong><br>Team Huber-Hotz, Guisan 3, Adrien Hefti and B\u00e4chtold: <\/strong>Friday, July 17 to Saturday, July 25, 2026<\/p>\n\n\n\n<h4 class=\"wp-block-heading\">Accommodation &amp; Meals<\/h4>\n\n\n\n<p>Swiss Army barracks. Full board, tailored to the needs of<br>Vegetarians and people with allergies are accommodated as far as possible.<\/p>\n\n\n\n<h4 class=\"wp-block-heading\">Costs &amp; Target Group<\/h4>\n\n\n\n<p>The costs for accommodation and meals, including teaching materials, amount to CHF 230.00<br>Swiss youth aged 13 to 22 are eligible to participate.<\/p>\n\n\n\n<h4 class=\"wp-block-heading\">insurance<\/h4>\n\n\n\n<p>This is the responsibility of the participants or their parents.<\/p>\n\n\n\n<h4 class=\"wp-block-heading\">Arrival<\/h4>\n\n\n\n<p>Private travel to various meeting points. You will be picked up there or brought back there.<\/p>\n\n\n\n<h4 class=\"wp-block-heading\">visiting day<\/h4>\n\n\n\n<p>Parents, relatives, and friends can <a href=\"https:\/\/aula-jugendlager.ch\/main\/en\/Besuchstag\/\">here<\/a> register for the day of your visit.<\/p>\n\n\n\n<hr class=\"wp-block-separator has-alpha-channel-opacity\"\/>\n\n\n\n<div class=\"wp-block-buttons is-layout-flex wp-block-buttons-is-layout-flex\">\n<div class=\"wp-block-button\"><a class=\"wp-block-button__link wp-element-button\" href=\"https:\/\/aula-jugendlager.ch\/main\/en\/anmeldung\/\"><strong>Sign up now and join in!<\/strong><\/a><\/div>\n<\/div>\n\n\n\n<hr class=\"wp-block-separator has-alpha-channel-opacity\"\/>\n\n\n\n<h3 class=\"wp-block-heading\">\ud83d\udce2 Join in and spread the word!<\/h3>\n\n\n\n<p>Tell your friends about AULA \u2013<br><strong>Flyers and posters<\/strong> You can order from us.<\/p>\n\n\n\n<hr class=\"wp-block-separator has-alpha-channel-opacity\"\/>\n\n\n\n<h4 class=\"wp-block-heading\">Contact &amp; Information<\/h4>\n\n\n\n<p>Ms. Maria Walter<br>42 Brunnenwiesenstrasse<br>8610 Uster<br>Tel. 044 940 12 21<br><a>info@aula-jugendlager.ch<\/a><\/p>\n\n\n\n<hr class=\"wp-block-separator has-alpha-channel-opacity\"\/>\n\n\n\n<p>\ud83d\udc49 <strong>You will receive all further information after registering.<\/strong><\/p>","protected":false},"excerpt":{"rendered":"<p>Das AULA ist ein einzigartiges Ausbildungslager f\u00fcr Jugendliche, in dem w\u00e4hrend sieben Tagen die Grundlagen der Ersten Hilfe vermittelt werden. Je nach Vorwissen stehen dabei f\u00fcnf verschiedene Leistungsniveaus zur Auswahl. Jedes Jahr nehmen rund 330 Jugendliche im Alter von 13 bis 22 Jahren aus der ganzen Schweiz teil.Unterst\u00fctzt werden sie von rund 100 freiwilligen Helferinnen [&hellip;]<\/p>","protected":false},"author":1,"featured_media":0,"parent":0,"menu_order":2,"comment_status":"closed","ping_status":"closed","template":"","meta":{"footnotes":""},"class_list":["post-23","page","type-page","status-publish","hentry"],"_links":{"self":[{"href":"https:\/\/aula-jugendlager.ch\/main\/en\/wp-json\/wp\/v2\/pages\/23","targetHints":{"allow":["GET"]}}],"collection":[{"href":"https:\/\/aula-jugendlager.ch\/main\/en\/wp-json\/wp\/v2\/pages"}],"about":[{"href":"https:\/\/aula-jugendlager.ch\/main\/en\/wp-json\/wp\/v2\/types\/page"}],"author":[{"embeddable":true,"href":"https:\/\/aula-jugendlager.ch\/main\/en\/wp-json\/wp\/v2\/users\/1"}],"replies":[{"embeddable":true,"href":"https:\/\/aula-jugendlager.ch\/main\/en\/wp-json\/wp\/v2\/comments?post=23"}],"version-history":[{"count":15,"href":"https:\/\/aula-jugendlager.ch\/main\/en\/wp-json\/wp\/v2\/pages\/23\/revisions"}],"predecessor-version":[{"id":6081,"href":"https:\/\/aula-jugendlager.ch\/main\/en\/wp-json\/wp\/v2\/pages\/23\/revisions\/6081"}],"wp:attachment":[{"href":"https:\/\/aula-jugendlager.ch\/main\/en\/wp-json\/wp\/v2\/media?parent=23"}],"curies":[{"name":"wp","href":"https:\/\/api.w.org\/{rel}","templated":true}]}}

<p>The <strong>AULA</strong> is a unique <strong>Training camp for young people</strong>, in which the fundamentals of <strong>First aid</strong> be taught. Depending on prior knowledge, these include <strong>Five different performance levels</strong> to choose from.</p>



<blockquote class="wp-block-quote is-layout-flow wp-block-quote-is-layout-flow">
<p>Every year, around <strong>330 young people aged between 13 and 22</strong> from all over Switzerland.<br>They are supported by around <strong>100 volunteers</strong>, many of whom work in healthcare or emergency services.</p>
</blockquote>



<hr class="wp-block-separator has-alpha-channel-opacity"/>



<h3 class="wp-block-heading">What makes AULA so special?</h3>



<p>We don't know for sure ourselves – maybe it's...</p>



<ul class="wp-block-list">
<li>... that we <strong>expect a lot from young people</strong>, but <strong>give just as much of yourself</strong>?</li>



<li>... that we <strong>clear rules and structures</strong> have, but nevertheless <strong>focus on young people</strong>?</li>



<li>... that many volunteers in <strong>military uniform</strong> appear, but <strong>Always open for conversation, fun, and fellowship</strong> are?</li>



<li>... that we <strong>7 Principles of the Swiss Red Cross</strong> live actively and foster a climate of <strong>mutual appreciation</strong> maintain?</li>
</ul>



<p><strong>Get to know AULA—and discover what makes it special for you.</strong></p>



<hr class="wp-block-separator has-alpha-channel-opacity"/>



<h3 class="wp-block-heading">Camp information</h3>



<h4 class="wp-block-heading">duration</h4>



<p><strong>Team Dunant, Möckli and Guisan 1-2:</strong> Saturday, July 18 to Saturday, July 25, 2026<strong><br>Team Huber-Hotz, Guisan 3, Adrien Hefti and Bächtold: </strong>Friday, July 17 to Saturday, July 25, 2026</p>



<h4 class="wp-block-heading">Accommodation &amp; Meals</h4>



<p>Swiss Army barracks. Full board, tailored to the needs of<br>Vegetarians and people with allergies are accommodated as far as possible.</p>



<h4 class="wp-block-heading">Costs &amp; Target Group</h4>



<p>The costs for accommodation and meals, including teaching materials, amount to CHF 230.00<br>Swiss youth aged 13 to 22 are eligible to participate.</p>



<h4 class="wp-block-heading">insurance</h4>



<p>This is the responsibility of the participants or their parents.</p>



<h4 class="wp-block-heading">Arrival</h4>



<p>Private travel to various meeting points. You will be picked up there or brought back there.</p>



<h4 class="wp-block-heading">visiting day</h4>



<p>Parents, relatives, and friends can <a href="https://aula-jugendlager.ch/main/en/Besuchstag/">here</a> register for the day of your visit.</p>



<hr class="wp-block-separator has-alpha-channel-opacity"/>



<div class="wp-block-buttons is-layout-flex wp-block-buttons-is-layout-flex">
<div class="wp-block-button"><a class="wp-block-button__link wp-element-button" href="https://aula-jugendlager.ch/main/en/anmeldung/"><strong>Sign up now and join in!</strong></a></div>
</div>



<hr class="wp-block-separator has-alpha-channel-opacity"/>



<h3 class="wp-block-heading">📢 Join in and spread the word!</h3>



<p>Tell your friends about AULA –<br><strong>Flyers and posters</strong> You can order from us.</p>



<hr class="wp-block-separator has-alpha-channel-opacity"/>



<h4 class="wp-block-heading">Contact &amp; Information</h4>



<p>Ms. Maria Walter<br>42 Brunnenwiesenstrasse<br>8610 Uster<br>Tel. 044 940 12 21<br><a>info@aula-jugendlager.ch</a></p>



<hr class="wp-block-separator has-alpha-channel-opacity"/>



<p>👉 <strong>You will receive all further information after registering.</strong></p>

<p>Das AULA ist ein einzigartiges Ausbildungslager für Jugendliche, in dem während sieben Tagen die Grundlagen der Ersten Hilfe vermittelt werden. Je nach Vorwissen stehen dabei fünf verschiedene Leistungsniveaus zur Auswahl. Jedes Jahr nehmen rund 330 Jugendliche im Alter von 13 bis 22 Jahren aus der ganzen Schweiz teil.Unterstützt werden sie von rund 100 freiwilligen Helferinnen [&hellip;]</p>
