{"id":541,"date":"2023-01-26T06:24:11","date_gmt":"2023-01-26T05:24:11","guid":{"rendered":"https:\/\/aula-testing.ch\/?page_id=541"},"modified":"2026-03-09T08:17:35","modified_gmt":"2026-03-09T07:17:35","slug":"informationen","status":"publish","type":"page","link":"https:\/\/aula-jugendlager.ch\/gal\/fr\/informationen\/","title":{"rendered":"Cours de formation de base \u00abInstructeur:in SSTS\u00ae\u00bb 2026-2027"},"content":{"rendered":"<p>La Commission technique de la Soci\u00e9t\u00e9 Suisse des Troupes Sanitaires SSTS\u00ae propose en 2026\/2027 le stage de formation de base de <strong>\u201eInsturktor:in SMSV\u00ae\u201c<\/strong> \u00e0.<\/p>\n\n\n\n<p>L'objectif est de pr\u00e9parer de mani\u00e8re cibl\u00e9e des personnes engag\u00e9es \u00e0 leur activit\u00e9 d'instructeur dans le cadre des camps de formation AULA ainsi qu'\u00e0 l'organisation de cours de premiers secours dans les clubs. La formation est structur\u00e9e de mani\u00e8re modulaire.<\/p>\n\n\n\n<hr class=\"wp-block-separator has-alpha-channel-opacity\"\/>\n\n\n\n<p class=\"has-text-align-left\"><\/p>\n\n\n\n<div class=\"wp-block-file alignfull\"><a id=\"wp-block-file--media-c5dd41e5-c0a5-4f18-a0be-35039e3db8d2\" href=\"https:\/\/aula-jugendlager.ch\/gal\/wp-content\/uploads\/sites\/6\/2026\/03\/20260114_GAL_2627_DE_V1-1.pdf\" target=\"_blank\" rel=\"noreferrer noopener\">GAL_2627_DE_V1<\/a><a href=\"https:\/\/aula-jugendlager.ch\/gal\/wp-content\/uploads\/sites\/6\/2026\/03\/20260114_GAL_2627_DE_V1-1.pdf\" class=\"wp-block-file__button wp-element-button\" download aria-describedby=\"wp-block-file--media-c5dd41e5-c0a5-4f18-a0be-35039e3db8d2\">T\u00e9l\u00e9charger<\/a><\/div>\n\n\n\n<div class=\"wp-block-file\"><a id=\"wp-block-file--media-b13a8795-a853-4ff6-9745-cbf446f0618e\" href=\"https:\/\/aula-jugendlager.ch\/gal\/wp-content\/uploads\/sites\/6\/2026\/03\/20260114_GAL_2627_FR_V1.pdf\">GAL_2627_FR_V1<\/a><a href=\"https:\/\/aula-jugendlager.ch\/gal\/wp-content\/uploads\/sites\/6\/2026\/03\/20260114_GAL_2627_FR_V1.pdf\" class=\"wp-block-file__button wp-element-button\" download aria-describedby=\"wp-block-file--media-b13a8795-a853-4ff6-9745-cbf446f0618e\">T\u00e9l\u00e9charger<\/a><\/div>\n\n\n\n<hr class=\"wp-block-separator has-alpha-channel-opacity\"\/>\n\n\n\n<h3 class=\"wp-block-heading\"><strong>frais<\/strong><\/h3>\n\n\n\n<ul class=\"wp-block-list\">\n<li><strong>Modules 1 \u00e0 7<\/strong> (14 jours) : 1 575 CHF, repas et h\u00e9bergement compris\n<ul class=\"wp-block-list\">\n<li>Frais suppl\u00e9mentaires :<\/li>\n\n\n\n<li>15 CHF\/jour pour les collations<\/li>\n\n\n\n<li>90\u2013180 CHF Certification SGS<\/li>\n\n\n\n<li>162 CHF Cotisation cadre<\/li>\n<\/ul>\n<\/li>\n<\/ul>\n\n\n\n<p>Les participants qui s'inscrivent pour <strong>engager deux AULAs<\/strong>, re\u00e7u <strong>1 125 CHF rembours\u00e9s<\/strong>.<\/p>\n\n\n\n<ul class=\"wp-block-list\">\n<li><strong>Module 0<\/strong> (4 jours) : 125 CHF<\/li>\n<\/ul>\n\n\n\n<hr class=\"wp-block-separator has-alpha-channel-opacity\"\/>\n\n\n\n<h3 class=\"wp-block-heading\"><strong>Dates et modules<\/strong><\/h3>\n\n\n\n<p>Tous les modules ainsi que la journ\u00e9e des cadres 2027 sont <strong>contraignant<\/strong>.<br><\/p>\n\n\n\n<hr class=\"wp-block-separator has-alpha-channel-opacity\"\/>\n\n\n\n<h3 class=\"wp-block-heading\"><strong>Contact &amp; Inscription<\/strong><\/h3>\n\n\n\n<ul class=\"wp-block-list\">\n<li>E-mail : <a href=\"mailto:gs@smsv.ch\" data-type=\"mailto\" data-id=\"mailto:gs@smsv.ch\">gs@smsv.ch<\/a><\/li>\n\n\n\n<li>Inscription : <a href=\"https:\/\/aula-jugendlager.ch\/gal\/fr\/anmeldung\/\" data-type=\"page\" data-id=\"4985\">Vers la page d'inscription<\/a><\/li>\n<\/ul>\n\n\n\n<p><\/p>\n\n\n\n<p><\/p>","protected":false},"excerpt":{"rendered":"<p>Die Technische Kommission des Schweizerischen Milit\u00e4r-Sanit\u00e4ts-Verbandes SMSV\u00ae bietet 2026\/2027 den Grundausbildungslehrgang zur\/zum \u201eInsturktor:in SMSV\u00ae\u201c an. Ziel ist es, engagierte Personen gezielt auf ihre T\u00e4tigkeit als Instruktorin und Instruktor im Rahmen der Ausbildungslager AULA sowie auf die Durchf\u00fchrung von Erste-Hilfe-Kursen in Vereinen vorzubereiten. Die Ausbildung ist modular aufgebaut. Kosten Teilnehmende, die sich f\u00fcr zwei AULAs verpflichten, [&hellip;]<\/p>","protected":false},"author":1,"featured_media":0,"parent":0,"menu_order":0,"comment_status":"closed","ping_status":"closed","template":"","meta":{"footnotes":""},"class_list":["post-541","page","type-page","status-publish","hentry"],"_links":{"self":[{"href":"https:\/\/aula-jugendlager.ch\/gal\/fr\/wp-json\/wp\/v2\/pages\/541","targetHints":{"allow":["GET"]}}],"collection":[{"href":"https:\/\/aula-jugendlager.ch\/gal\/fr\/wp-json\/wp\/v2\/pages"}],"about":[{"href":"https:\/\/aula-jugendlager.ch\/gal\/fr\/wp-json\/wp\/v2\/types\/page"}],"author":[{"embeddable":true,"href":"https:\/\/aula-jugendlager.ch\/gal\/fr\/wp-json\/wp\/v2\/users\/1"}],"replies":[{"embeddable":true,"href":"https:\/\/aula-jugendlager.ch\/gal\/fr\/wp-json\/wp\/v2\/comments?post=541"}],"version-history":[{"count":17,"href":"https:\/\/aula-jugendlager.ch\/gal\/fr\/wp-json\/wp\/v2\/pages\/541\/revisions"}],"predecessor-version":[{"id":5254,"href":"https:\/\/aula-jugendlager.ch\/gal\/fr\/wp-json\/wp\/v2\/pages\/541\/revisions\/5254"}],"wp:attachment":[{"href":"https:\/\/aula-jugendlager.ch\/gal\/fr\/wp-json\/wp\/v2\/media?parent=541"}],"curies":[{"name":"wp","href":"https:\/\/api.w.org\/{rel}","templated":true}]}}

<p>La Commission technique de la Société Suisse des Troupes Sanitaires SSTS® propose en 2026/2027 le stage de formation de base de <strong>„Insturktor:in SMSV®“</strong> à.</p>



<p>L'objectif est de préparer de manière ciblée des personnes engagées à leur activité d'instructeur dans le cadre des camps de formation AULA ainsi qu'à l'organisation de cours de premiers secours dans les clubs. La formation est structurée de manière modulaire.</p>



<hr class="wp-block-separator has-alpha-channel-opacity"/>



<p class="has-text-align-left"></p>



<div class="wp-block-file alignfull"><a id="wp-block-file--media-c5dd41e5-c0a5-4f18-a0be-35039e3db8d2" href="https://aula-jugendlager.ch/gal/wp-content/uploads/sites/6/2026/03/20260114_GAL_2627_DE_V1-1.pdf" target="_blank" rel="noreferrer noopener">GAL_2627_DE_V1</a><a href="https://aula-jugendlager.ch/gal/wp-content/uploads/sites/6/2026/03/20260114_GAL_2627_DE_V1-1.pdf" class="wp-block-file__button wp-element-button" download aria-describedby="wp-block-file--media-c5dd41e5-c0a5-4f18-a0be-35039e3db8d2">Télécharger</a></div>



<div class="wp-block-file"><a id="wp-block-file--media-b13a8795-a853-4ff6-9745-cbf446f0618e" href="https://aula-jugendlager.ch/gal/wp-content/uploads/sites/6/2026/03/20260114_GAL_2627_FR_V1.pdf">GAL_2627_FR_V1</a><a href="https://aula-jugendlager.ch/gal/wp-content/uploads/sites/6/2026/03/20260114_GAL_2627_FR_V1.pdf" class="wp-block-file__button wp-element-button" download aria-describedby="wp-block-file--media-b13a8795-a853-4ff6-9745-cbf446f0618e">Télécharger</a></div>



<hr class="wp-block-separator has-alpha-channel-opacity"/>



<h3 class="wp-block-heading"><strong>frais</strong></h3>



<ul class="wp-block-list">
<li><strong>Modules 1 à 7</strong> (14 jours) : 1 575 CHF, repas et hébergement compris
<ul class="wp-block-list">
<li>Frais supplémentaires :</li>



<li>15 CHF/jour pour les collations</li>



<li>90–180 CHF Certification SGS</li>



<li>162 CHF Cotisation cadre</li>
</ul>
</li>
</ul>



<p>Les participants qui s'inscrivent pour <strong>engager deux AULAs</strong>, reçu <strong>1 125 CHF remboursés</strong>.</p>



<ul class="wp-block-list">
<li><strong>Module 0</strong> (4 jours) : 125 CHF</li>
</ul>



<hr class="wp-block-separator has-alpha-channel-opacity"/>



<h3 class="wp-block-heading"><strong>Dates et modules</strong></h3>



<p>Tous les modules ainsi que la journée des cadres 2027 sont <strong>contraignant</strong>.<br></p>



<hr class="wp-block-separator has-alpha-channel-opacity"/>



<h3 class="wp-block-heading"><strong>Contact &amp; Inscription</strong></h3>



<ul class="wp-block-list">
<li>E-mail : <a href="mailto:gs@smsv.ch" data-type="mailto" data-id="mailto:gs@smsv.ch">gs@smsv.ch</a></li>



<li>Inscription : <a href="https://aula-jugendlager.ch/gal/fr/anmeldung/" data-type="page" data-id="4985">Vers la page d'inscription</a></li>
</ul>



<p></p>



<p></p>

<p>Die Technische Kommission des Schweizerischen Militär-Sanitäts-Verbandes SMSV® bietet 2026/2027 den Grundausbildungslehrgang zur/zum „Insturktor:in SMSV®“ an. Ziel ist es, engagierte Personen gezielt auf ihre Tätigkeit als Instruktorin und Instruktor im Rahmen der Ausbildungslager AULA sowie auf die Durchführung von Erste-Hilfe-Kursen in Vereinen vorzubereiten. Die Ausbildung ist modular aufgebaut. Kosten Teilnehmende, die sich für zwei AULAs verpflichten, [&hellip;]</p>
