{"id":35,"date":"2022-07-15T12:47:32","date_gmt":"2022-07-15T10:47:32","guid":{"rendered":"https:\/\/aula-testing.ch\/?page_id=35"},"modified":"2026-01-22T13:47:27","modified_gmt":"2026-01-22T12:47:27","slug":"kontakt","status":"publish","type":"page","link":"https:\/\/aula-jugendlager.ch\/gal\/en\/kontakt\/","title":{"rendered":"About us"},"content":{"rendered":"<p><\/p>\n\n\n\n<p>AULA office<br><a href=\"mailto:info@aula-testing.ch\" target=\"_blank\" rel=\"noreferrer noopener\">gs@smsv.ch<\/a><\/p>\n\n\n\n<div style=\"height:20px\" aria-hidden=\"true\" class=\"wp-block-spacer\"><\/div>\n\n\n\n<div class=\"wp-block-group is-nowrap is-layout-flex wp-container-core-group-is-layout-6c531013 wp-block-group-is-layout-flex\">\n<div class=\"wp-block-columns is-layout-flex wp-container-core-columns-is-layout-28f84493 wp-block-columns-is-layout-flex\">\n<div class=\"wp-block-column is-layout-flow wp-block-column-is-layout-flow\">\n<div class=\"wp-block-media-text alignwide is-stacked-on-mobile is-vertically-aligned-top\" style=\"grid-template-columns:30% auto\"><figure class=\"wp-block-media-text__media\"><img loading=\"lazy\" decoding=\"async\" width=\"160\" height=\"258\" src=\"https:\/\/aula-jugendlager.ch\/gal\/wp-content\/uploads\/sites\/6\/2025\/05\/david_freulerIMG_7646.webp\" alt=\"\" class=\"wp-image-5197 size-full\"\/><\/figure><div class=\"wp-block-media-text__content\">\n<p>David Freuler<br>Course leader<\/p>\n\n\n\n<p><a href=\"mailto:david.freuler@aula-jugendlager.ch\" target=\"_blank\" rel=\"noreferrer noopener\">david.freuler@aula-jugendlager.ch<\/a><\/p>\n<\/div><\/div>\n\n\n\n<div class=\"wp-block-media-text alignwide is-stacked-on-mobile is-vertically-aligned-top\" style=\"grid-template-columns:30% auto\"><figure class=\"wp-block-media-text__media\"><img loading=\"lazy\" decoding=\"async\" width=\"160\" height=\"258\" src=\"https:\/\/aula-jugendlager.ch\/gal\/wp-content\/uploads\/sites\/6\/2025\/03\/SMSV_0305_150x200mm.jpg.webp\" alt=\"\" class=\"wp-image-5102 size-full\"\/><\/figure><div class=\"wp-block-media-text__content\">\n<p>St\u00e9phane Morel<br>Deputy Course Director<\/p>\n\n\n\n<p><a href=\"mailto:stephane.morel@aula-jugendlager.ch\" target=\"_blank\" rel=\"noreferrer noopener\">stephane.morel@aula-jugendlager.ch<\/a><\/p>\n<\/div><\/div>\n<\/div>\n\n\n\n<div class=\"wp-block-column is-layout-flow wp-block-column-is-layout-flow\">\n<div class=\"wp-block-media-text alignwide is-stacked-on-mobile is-vertically-aligned-top\" style=\"grid-template-columns:30% auto\"><figure class=\"wp-block-media-text__media\"><img loading=\"lazy\" decoding=\"async\" width=\"160\" height=\"258\" src=\"https:\/\/aula-jugendlager.ch\/gal\/wp-content\/uploads\/sites\/6\/2025\/03\/SMSV_0367_150x200mm.jpg.webp\" alt=\"\" class=\"wp-image-5100 size-full\"\/><\/figure><div class=\"wp-block-media-text__content\">\n<p>Jakob B\u00e4hler<br>Chief Technology SMSV\u00ae<\/p>\n\n\n\n<p><br><a href=\"\/gal\/en\/technik@smsv.ch\/\" target=\"_blank\" rel=\"noreferrer noopener\">technik@smsv.ch<\/a><\/p>\n<\/div><\/div>\n<\/div>\n<\/div>\n\n\n\n<p><\/p>\n<\/div>\n\n\n\n<p><\/p>","protected":false},"excerpt":{"rendered":"<p>Gesch\u00e4ftsstelle AULAgs@smsv.ch David FreulerLehrgangsleiter david.freuler@aula-jugendlager.ch St\u00e9phane MorelStv. Lehrgangsleiter stephane.morel@aula-jugendlager.ch Jakob B\u00e4hlerChef Technik SMSV\u00ae technik@smsv.ch<\/p>","protected":false},"author":1,"featured_media":0,"parent":0,"menu_order":0,"comment_status":"closed","ping_status":"closed","template":"","meta":{"footnotes":""},"class_list":["post-35","page","type-page","status-publish","hentry"],"_links":{"self":[{"href":"https:\/\/aula-jugendlager.ch\/gal\/en\/wp-json\/wp\/v2\/pages\/35","targetHints":{"allow":["GET"]}}],"collection":[{"href":"https:\/\/aula-jugendlager.ch\/gal\/en\/wp-json\/wp\/v2\/pages"}],"about":[{"href":"https:\/\/aula-jugendlager.ch\/gal\/en\/wp-json\/wp\/v2\/types\/page"}],"author":[{"embeddable":true,"href":"https:\/\/aula-jugendlager.ch\/gal\/en\/wp-json\/wp\/v2\/users\/1"}],"replies":[{"embeddable":true,"href":"https:\/\/aula-jugendlager.ch\/gal\/en\/wp-json\/wp\/v2\/comments?post=35"}],"version-history":[{"count":22,"href":"https:\/\/aula-jugendlager.ch\/gal\/en\/wp-json\/wp\/v2\/pages\/35\/revisions"}],"predecessor-version":[{"id":5242,"href":"https:\/\/aula-jugendlager.ch\/gal\/en\/wp-json\/wp\/v2\/pages\/35\/revisions\/5242"}],"wp:attachment":[{"href":"https:\/\/aula-jugendlager.ch\/gal\/en\/wp-json\/wp\/v2\/media?parent=35"}],"curies":[{"name":"wp","href":"https:\/\/api.w.org\/{rel}","templated":true}]}}

<p></p>



<p>AULA office<br><a href="mailto:info@aula-testing.ch" target="_blank" rel="noreferrer noopener">gs@smsv.ch</a></p>



<div style="height:20px" aria-hidden="true" class="wp-block-spacer"></div>



<div class="wp-block-group is-nowrap is-layout-flex wp-container-core-group-is-layout-6c531013 wp-block-group-is-layout-flex">
<div class="wp-block-columns is-layout-flex wp-container-core-columns-is-layout-28f84493 wp-block-columns-is-layout-flex">
<div class="wp-block-column is-layout-flow wp-block-column-is-layout-flow">
<div class="wp-block-media-text alignwide is-stacked-on-mobile is-vertically-aligned-top" style="grid-template-columns:30% auto"><figure class="wp-block-media-text__media"><img loading="lazy" decoding="async" width="160" height="258" src="https://aula-jugendlager.ch/gal/wp-content/uploads/sites/6/2025/05/david_freulerIMG_7646.webp" alt="" class="wp-image-5197 size-full"/></figure><div class="wp-block-media-text__content">
<p>David Freuler<br>Course leader</p>



<p><a href="mailto:david.freuler@aula-jugendlager.ch" target="_blank" rel="noreferrer noopener">david.freuler@aula-jugendlager.ch</a></p>
</div></div>



<div class="wp-block-media-text alignwide is-stacked-on-mobile is-vertically-aligned-top" style="grid-template-columns:30% auto"><figure class="wp-block-media-text__media"><img loading="lazy" decoding="async" width="160" height="258" src="https://aula-jugendlager.ch/gal/wp-content/uploads/sites/6/2025/03/SMSV_0305_150x200mm.jpg.webp" alt="" class="wp-image-5102 size-full"/></figure><div class="wp-block-media-text__content">
<p>Stéphane Morel<br>Deputy Course Director</p>



<p><a href="mailto:stephane.morel@aula-jugendlager.ch" target="_blank" rel="noreferrer noopener">stephane.morel@aula-jugendlager.ch</a></p>
</div></div>
</div>



<div class="wp-block-column is-layout-flow wp-block-column-is-layout-flow">
<div class="wp-block-media-text alignwide is-stacked-on-mobile is-vertically-aligned-top" style="grid-template-columns:30% auto"><figure class="wp-block-media-text__media"><img loading="lazy" decoding="async" width="160" height="258" src="https://aula-jugendlager.ch/gal/wp-content/uploads/sites/6/2025/03/SMSV_0367_150x200mm.jpg.webp" alt="" class="wp-image-5100 size-full"/></figure><div class="wp-block-media-text__content">
<p>Jakob Bähler<br>Chief Technology SMSV®</p>



<p><br><a href="/gal/en/technik@smsv.ch/" target="_blank" rel="noreferrer noopener">technik@smsv.ch</a></p>
</div></div>
</div>
</div>



<p></p>
</div>



<p></p>

<p>Geschäftsstelle AULAgs@smsv.ch David FreulerLehrgangsleiter david.freuler@aula-jugendlager.ch Stéphane MorelStv. Lehrgangsleiter stephane.morel@aula-jugendlager.ch Jakob BählerChef Technik SMSV® technik@smsv.ch</p>
